5516?
2, 7, 197
List the prime factors of 4384.
2, 137
List the prime factors of 1023.
3, 11, 31
What are the prime factors of 6358?
2, 11, 17
List the prime factors of 25094.
2, 12547
What are the prime factors of 9975?
3, 5, 7, 19
List the prime factors of 2222.
2, 11, 101
What are the prime factors of 29706?
2, 3, 4951
What are the prime factors of 946?
2, 11, 43
What are the prime factors of 1478?
2, 739
List the prime factors of 3324.
2, 3, 277
List the prime factors of 57425.
5, 2297
What are the prime factors of 54264?
2, 3, 7, 17, 19
What are the prime factors of 121351?
121351
What are the prime factors of 17086?
2, 8543
List the prime factors of 13586.
2, 6793
What are the prime factors of 10546?
2, 5273
What are the prime factors of 608?
2, 19
List the prime factors of 1231.
1231
List the prime factors of 864.
2, 3
What are the prime factors of 3317?
31, 107
What are the prime factors of 1635?
3, 5, 109
What are the prime factors of 17559?
3, 1951
What are the prime factors of 7431?
3, 2477
List the prime factors of 17079.
3, 5693
List the prime factors of 6967.
6967
What are the prime factors of 3703?
7, 23
What are the prime factors of 15587?
11, 13, 109
List the prime factors of 12648.
2, 3, 17, 31
List the prime factors of 842.
2, 421
List the prime factors of 509.
509
List the prime factors of 1707.
3, 569
List the prime factors of 11043.
3, 409
What are the prime factors of 289?
17
List the prime factors of 1748.
2, 19, 23
List the prime factors of 1364.
2, 11, 31
List the prime factors of 1770.
2, 3, 5, 59
What are the prime factors of 1124?
2, 281
List the prime factors of 1521.
3, 13
List the prime factors of 151369.
229, 661
What are the prime factors of 17401?
17401
What are the prime factors of 7860?
2, 3, 5, 131
List the prime factors of 18681.
3, 13, 479
What are the prime factors of 6412?
2, 7, 229
List the prime factors of 284.
2, 71
List the prime factors of 13721.
13721
What are the prime factors of 8858?
2, 43, 103
List the prime factors of 3475.
5, 139
What are the prime factors of 273?
3, 7, 13
List the prime factors of 142868.
2, 11, 17, 191
List the prime factors of 10529.
10529
What are the prime factors of 32100?
2, 3, 5, 107
List the prime factors of 51863.
7, 31, 239
List the prime factors of 1699.
1699
What are the prime factors of 14940?
2, 3, 5, 83
List the prime factors of 912.
2, 3, 19
List the prime factors of 1282.
2, 641
What are the prime factors of 3323?
3323
What are the prime factors of 3253?
3253
List the prime factors of 3810.
2, 3, 5, 127
List the prime factors of 76.
2, 19
What are the prime factors of 2683?
2683
List the prime factors of 65051.
7, 9293
List the prime factors of 21167.
61, 347
What are the prime factors of 3153?
3, 1051
List the prime factors of 3985.
5, 797
What are the prime factors of 595?
5, 7, 17
List the prime factors of 7078.
2, 3539
List the prime factors of 10238.
2, 5119
List the prime factors of 10089.
3, 19, 59
What are the prime factors of 8428?
2, 7, 43
List the prime factors of 2621.
2621
List the prime factors of 6713.
7, 137
What are the prime factors of 550?
2, 5, 11
List the prime factors of 12699.
3, 17, 83
What are the prime factors of 614?
2, 307
What are the prime factors of 14640?
2, 3, 5, 61
List the prime factors of 1384.
2, 173
List the prime factors of 10878.
2, 3, 7, 37
List the prime factors of 25247.
25247
List the prime factors of 26968.
2, 3371
List the prime factors of 4093.
4093
What are the prime factors of 10937?
10937
What are the prime factors of 99?
3, 11
List the prime factors of 4852.
2, 1213
What are the prime factors of 534?
2, 3, 89
List the prime factors of 159435.
3, 5, 1181
List the prime factors of 6042.
2, 3, 19, 53
List the prime factors of 564.
2, 3, 47
What are the prime factors of 10014?
2, 3, 1669
What are the prime factors of 64453?
64453
What are the prime factors of 90472?
2, 43, 263
List the prime factors of 3773.
7, 11
List the prime factors of 55334.
2, 73, 379
List the prime factors of 36439.
13, 2803
What are the prime factors of 1107?
3, 41
What are the prime factors of 61995?
3, 5, 4133
What are the prime factors of 485?
5, 97
List the prime factors of 438.
2, 3, 73
What are the prime factors of 2594?
2, 1297
What are the prime factors of 172469?
11, 15679
What are the prime factors of 436?
2, 109
List the prime factors of 28765.
5, 11, 523
List the prime factors of 10308.
2, 3, 859
What are the prime factors of 881?
881
List the prime factors of 3324.
2, 3, 277
List the prime factors of 1363.
29, 47
What are the prime factors of 196?
2, 7
What are the prime factors of 2041?
13, 157
What are the prime factors of 4413?
3, 1471
List the prime factors of 990.
2, 3, 5, 11
List the prime factors of 12934.
2, 29, 223
What are the prime factors of 31276?
2, 7, 1117
What are the prime factors of 53824?
2, 29
List the prime factors of 10242.
2, 3, 569
What are the prime factors of 14189?
7, 2027
List the prime factors of 25859.
19, 1361
What are the prime factors of 5384?
2, 673
List the prime factors of 34949.
34949
List the prime factors of 37.
37
What are the prime factors of 86?
2, 43
List the prime factors of 53061.
3, 23, 769
List the prime factors of 79367.
79367
What are the prime factors of 1296?
2, 3
List the prime factors of 15816.
2, 3, 659
List the prime factors of 14745.
3, 5, 983
List the prime factors of 38061.
3, 4229
What are the prime factors of 15136?
2, 11, 43
What are the prime factors of 540?
2, 3, 5
List the prime factors of 14211.
3, 1579
List the prime factors of 19285.
5, 7, 19, 29
What are the prime factors of 50724?
2, 3, 1409
What are the prime factors of 11192?
2, 1399
List the prime factors of 23782.
2, 11, 23, 47
List the prime factors of 65092.
2, 16273
What are the prime factors of 728?
2, 7, 13
What are the prime factors of 1354?
2, 677
List the prime factors of 14185.
5, 2837
List the prime factors of 40007.
11, 3637
List the prime factors of 30049.
151, 199
List the prime factors of 385.
5, 7, 11
What are the prime factors of 3384?
2, 3, 47
List the prime factors of 761.
761
What are the prime factors of 2803?
2803
List the prime factors of 48402.
2, 3, 2689
List the prime factors of 5586.
2, 3, 7, 19
List the prime factors of 383.
383
What are the prime factors of 772?
2, 193
List the prime factors of 1270.
2, 5, 127
What are the prime factors of 28103?
157, 179
List the prime factors of 6505.
5, 1301
What are the prime factors of 5857?
5857
List the prime factors of 128565.
3, 5, 2857
List the prime factors of 13076.
2, 7, 467
What are the prime factors of 6342?
2, 3, 7, 151
What are the prime factors of 1148?
2, 7, 41
List the prime factors of 15080.
2, 5, 13, 29
What are the prime factors of 910?
2, 5, 7, 13
What are the prime factors of 899?
29, 31
List the prime factors of 97288.
2, 12161
What are the prime factors of 27125?
5, 7, 31
List the prime factors of 1743.
3, 7, 83
List the prime factors of 1278.
2, 3, 71
What are the prime factors of 6403?
19, 337
List the prime factors of 693.
3, 7, 11
List the prime factors of 1883.
7, 269
What are the prime factors of 1378?
2, 13, 53
What are the prime factors of 1469?
13, 113
List the prime factors of 20930.
2, 5, 7, 13, 23
What are the prime factors of 980?
2, 5, 7
What are the prime factors of 23064?
2, 3, 31
What are the prime factors of 6468?
2, 3, 7, 11
List the prime factors of 73321.
17, 19, 227
List the prime factors of 8921.
11, 811
What are the prime factors of 234?
2, 3, 13
What are the prime factors of 245?
5, 7
List the prime factors of 1047.
3, 349
What are the prime factors of 8472?
2, 3, 353
List the prime factors of 81187.
19, 4273
What are the prime factors of 72666?
2, 3, 11, 367
List the prime factors of 10959.
3, 13, 281
What are the prime factors of 33812?
2, 79, 107
What are the prime factors of 1413?
3, 157
What are the prime factors of 2415?
3, 5, 7, 23
List the prime factors of 631.
631
List the prime factors of 937.
937
List the prime factors of 238.
2, 7, 17
What are the prime factors of 1042?
2, 521
List the prime factors of 8976.
2, 3, 11, 17
List the prime factors of 2210.
2, 5, 13, 17
List the prime factors of 3613.
3613
What are the prime factors of 708?
2, 3, 59
What are the prime factors o